{"id":509,"date":"2021-08-11T15:48:17","date_gmt":"2021-08-11T20:48:17","guid":{"rendered":"http:\/\/fluidostecnicos.com.mx\/web\/?page_id=509"},"modified":"2024-01-24T17:27:20","modified_gmt":"2024-01-24T23:27:20","slug":"centro-de-servicio","status":"publish","type":"page","link":"http:\/\/fluidostecnicos.com.mx\/web\/centro-de-servicio\/","title":{"rendered":"Centro de Servicio"},"content":{"rendered":"<div class=\"wpb-content-wrapper\"><p>[vc_row row_height_percent=\u00bb0&#8243; override_padding=\u00bbyes\u00bb h_padding=\u00bb2&#8243; top_padding=\u00bb5&#8243; bottom_padding=\u00bb5&#8243; overlay_alpha=\u00bb50&#8243; equal_height=\u00bbyes\u00bb gutter_size=\u00bb4&#8243; column_width_percent=\u00bb100&#8243; shift_y=\u00bb0&#8243; z_index=\u00bb0&#8243; bottom_divider=\u00bbstep_2_3&#8243;][vc_column column_width_percent=\u00bb100&#8243; align_horizontal=\u00bbalign_center\u00bb gutter_size=\u00bb3&#8243; overlay_alpha=\u00bb50&#8243; shift_x=\u00bb0&#8243; shift_y=\u00bb0&#8243; shift_y_down=\u00bb0&#8243; z_index=\u00bb0&#8243; medium_width=\u00bb3&#8243; mobile_width=\u00bb0&#8243; sticky=\u00bbyes\u00bb width=\u00bb6\/12&#8243;][vc_gallery el_id=\u00bbgallery-146432&#8243; type=\u00bbcarousel\u00bb medias=\u00bb521,522,523,524,525,529,530,531,532,534,535,536&#8243; carousel_lg=\u00bb1&#8243; carousel_md=\u00bb1&#8243; carousel_sm=\u00bb1&#8243; gutter_size=\u00bb3&#8243; media_items=\u00bbmedia|nolink|original,icon\u00bb carousel_interval=\u00bb3000&#8243; carousel_navspeed=\u00bb400&#8243; carousel_loop=\u00bbyes\u00bb carousel_nav=\u00bbyes\u00bb carousel_nav_mobile=\u00bbyes\u00bb carousel_dots=\u00bbyes\u00bb carousel_dots_mobile=\u00bbyes\u00bb carousel_dots_inside=\u00bbyes\u00bb carousel_dot_padding=\u00bb2&#8243; stage_padding=\u00bb0&#8243; single_overlay_opacity=\u00bb50&#8243; single_padding=\u00bb2&#8243;][vc_single_image media=\u00bb548&#8243; media_lightbox=\u00bbyes\u00bb media_width_percent=\u00bb100&#8243; alignment=\u00bbcenter\u00bb shadow=\u00bbyes\u00bb shadow_weight=\u00bblg\u00bb css_animation=\u00bbleft-t-right\u00bb][vc_single_image media=\u00bb511&#8243; media_lightbox=\u00bbyes\u00bb media_width_percent=\u00bb100&#8243; alignment=\u00bbcenter\u00bb shadow=\u00bbyes\u00bb shadow_weight=\u00bblg\u00bb css_animation=\u00bbleft-t-right\u00bb][\/vc_column][vc_column column_width_percent=\u00bb100&#8243; position_vertical=\u00bbmiddle\u00bb gutter_size=\u00bb3&#8243; overlay_alpha=\u00bb50&#8243; shift_x=\u00bb0&#8243; shift_y=\u00bb0&#8243; shift_y_down=\u00bb0&#8243; z_index=\u00bb0&#8243; medium_width=\u00bb3&#8243; mobile_width=\u00bb0&#8243; width=\u00bb6\/12&#8243;][vc_custom_heading heading_semantic=\u00bbh6&#8243; text_size=\u00bbh6&#8243; text_transform=\u00bbuppercase\u00bb text_color=\u00bbaccent\u00bb]Descripci\u00f3n[\/vc_custom_heading][vc_column_text]Fluidos T\u00e9cnicos, S.A. de C.V., cuenta con un Centro de Servicio para atender las necesidades de servicio de los equipos de las diferentes marcas representadas, instalaciones y personal capacitado y certificado para atender actividades de reparaci\u00f3n, mantenimiento, comisionamiento, capacitaci\u00f3n,\u00a0 an\u00e1lisis, diagn\u00f3stico y soluci\u00f3n de problemas operativos.[\/vc_column_text][vc_custom_heading heading_semantic=\u00bbh6&#8243; text_size=\u00bbh6&#8243; text_transform=\u00bbuppercase\u00bb text_color=\u00bbaccent\u00bb]Historia[\/vc_custom_heading][vc_column_text]Inaugurado en 1998 en Tampico, Tam., como el \u00fanico Centro de Servicio Autorizado de Sundyne (Authorized Service Center \u2013 ASC) en M\u00e9xico, con el objetivo original de atender a la poblaci\u00f3n de bombas y compresores centr\u00edfugos API de alta velocidad Sundyne instalados en la zona Norte-Noreste de M\u00e9xico (aproximadamente el 75% de la poblaci\u00f3n de equipos Sundyne en M\u00e9xico se encuentra instalado en esta zona).\u00a0 En 2014 y ante la falta de otro Centro de Servicio, Sundyne autoriz\u00f3 al Centro de Servicio FT a atender el 100% del territorio nacional, desde entonces se han ampliado considerablemente las capacidades y enfoques del Centro de Servicio FT.<\/p>\n<p>Con la implementaci\u00f3n del programa Global Channel ONE de Sundyne, el Centro de Servicio FT fue re-evaluado y certificado con nivel TIER I (la categor\u00eda m\u00e1s alta) y desde entonces se ha mantenido en ese nivel.\u00a0 El Centro de Servicio FT, fue tambi\u00e9n reconocido como Centro de Servicio Autorizado Milton Roy en 2000, sin embargo, ante la ausencia de un programa de regulaci\u00f3n por parte de Milton Roy, la re-certificaci\u00f3n formal no se consigui\u00f3 hasta 2021, y el Centro de Servicio FT fue nuevamente certificado como Centro de Servicio Autorizado (ASC) Milton Roy.<\/p>\n<p>El Centro de Servicio FT cuenta con un stock de refacciones para algunas de las marcas representadas, y actualmente tiene capacidad para ofrecer sus servicios a equipos como bombas y compresores centr\u00edfugos Sundyne, bombas centr\u00edfugas <em>sealless<\/em> de acoplamiento magn\u00e9tico HMD Kontro y Ansimag, bombas dosificadoras Milton Roy, bombas de cavidad progresiva Seepex, bombas centr\u00edfugas Hevvy-Toyo entre otras.[\/vc_column_text][vc_custom_heading heading_semantic=\u00bbh6&#8243; text_size=\u00bbh6&#8243; text_transform=\u00bbuppercase\u00bb text_color=\u00bbaccent\u00bb]Experiencia[\/vc_custom_heading][vc_column_text]<\/p>\n<p>Tras su inauguraci\u00f3n en 1998 y siguiendo el objetivo inicial de su creaci\u00f3n, el Centro de Servicio FT ha llevado a cabo m\u00faltiples servicios de rehabilitaci\u00f3n general de bombas y compresores centr\u00edfugos Sundyne para diferentes plantas de PEMEX: Refiner\u00edas \u201cFrancisco I. Madero\u201d (Cd. Madero, Tam.), \u201cIng. H\u00e9ctor R. Lara Sosa\u201d (Cadereyta, N.L.), \u201cIng. Antonio M. Amor\u201d (Salamanca, Gto.), \u201cGral. L\u00e1zaro C\u00e1rdenas\u201d (Minatitl\u00e1n, Ver.), \u201cIng. Antonio Doval\u00ed Jaime\u201d (Salina Cruz, Oax.).<\/p>\n<p>As\u00ed mismo servicios para equipos de las diferentes marcas representadas (Sundyne, HMD Kontro, Ansimag, Milton Roy, Seepex, Sunflo, etc.) \u00a0En:<\/p>\n<p>PEMEX: CPG \u201cBurgos\u201d (Reynosa, Tam.), plataforma \u201cBalam TD\u201d y \u00a0plataforma \u201cAbkatun A2\u201d (Campeche, Camp.), CPG \u201cPoza Rica\u201d (Poza Rica, Ver.), T.M. \u201cDos Bocas\u201d (Para\u00edso, Tab.).<\/p>\n<p>En la Industria Privada: \u00a0EXTERRAN Energy, Bloque \u201cNejo\u201d (San Fernando, Tam.), IBERDROLA CCC \u201cLa Laguna\u201d (G\u00f3mez Palacio, Dgo.), DRAKA (Durango, Dgo.), AKRA Polyester (Altamira, Tam.), Braskem-IDESA (Nanchital, Ver.), Tereftalatos Mexicanos (Cosoleacaque, Ver.), COIMSUR (Coatzacoalcos, Ver.), The Chemours Company Mexico (Altamira, Tam.) por mencionar solo algunas.<\/p>\n<p>[\/vc_column_text][\/vc_column][\/vc_row]<\/p>\n<\/div>","protected":false},"excerpt":{"rendered":"<p>[vc_row row_height_percent=\u00bb0&#8243; override_padding=\u00bbyes\u00bb h_padding=\u00bb2&#8243; top_padding=\u00bb5&#8243; bottom_padding=\u00bb5&#8243; overlay_alpha=\u00bb50&#8243; equal_height=\u00bbyes\u00bb gutter_size=\u00bb4&#8243; column_width_percent=\u00bb100&#8243; shift_y=\u00bb0&#8243; z_index=\u00bb0&#8243; bottom_divider=\u00bbstep_2_3&#8243;][vc_column column_width_percent=\u00bb100&#8243; align_horizontal=\u00bbalign_center\u00bb gutter_size=\u00bb3&#8243; overlay_alpha=\u00bb50&#8243; shift_x=\u00bb0&#8243; shift_y=\u00bb0&#8243; shift_y_down=\u00bb0&#8243; [&hellip;]<\/p>\n","protected":false},"author":1,"featured_media":0,"parent":0,"menu_order":0,"comment_status":"closed","ping_status":"closed","template":"","meta":[],"_links":{"self":[{"href":"http:\/\/fluidostecnicos.com.mx\/web\/wp-json\/wp\/v2\/pages\/509"}],"collection":[{"href":"http:\/\/fluidostecnicos.com.mx\/web\/wp-json\/wp\/v2\/pages"}],"about":[{"href":"http:\/\/fluidostecnicos.com.mx\/web\/wp-json\/wp\/v2\/types\/page"}],"author":[{"embeddable":true,"href":"http:\/\/fluidostecnicos.com.mx\/web\/wp-json\/wp\/v2\/users\/1"}],"replies":[{"embeddable":true,"href":"http:\/\/fluidostecnicos.com.mx\/web\/wp-json\/wp\/v2\/comments?post=509"}],"version-history":[{"count":14,"href":"http:\/\/fluidostecnicos.com.mx\/web\/wp-json\/wp\/v2\/pages\/509\/revisions"}],"predecessor-version":[{"id":549,"href":"http:\/\/fluidostecnicos.com.mx\/web\/wp-json\/wp\/v2\/pages\/509\/revisions\/549"}],"wp:attachment":[{"href":"http:\/\/fluidostecnicos.com.mx\/web\/wp-json\/wp\/v2\/media?parent=509"}],"curies":[{"name":"wp","href":"https:\/\/api.w.org\/{rel}","templated":true}]}}